{"id":27,"date":"2022-02-10T22:38:48","date_gmt":"2022-02-10T22:38:48","guid":{"rendered":"https:\/\/decarbonize.inesctec.pt\/?page_id=27"},"modified":"2023-05-11T20:45:06","modified_gmt":"2023-05-11T20:45:06","slug":"decarbonize-project","status":"publish","type":"page","link":"https:\/\/decarbonize.inesctec.pt\/","title":{"rendered":"DECARBONIZE Project"},"content":{"rendered":"\n<p>The DECARBONIZE is centred in the mission \u201cCarbon-neutral and smart cities\u201d from the Horizon Europe programme. The main objective is to support, promote and showcase a systemic transformation towards climate neutrality at the local level. The geographical focus will be on the Northern Region of Portugal, given the relevance of local actions and the role of several local actors towards carbon neutrality \u2013from decentralization of energy management to citizen engagement and tailored solutions. However, the aim is to develop solutions that can also be replicated and transferred to different contexts EU-wide, using cities as testbeds for experimentation of innovative solutions. The achievement of carbon-neutral and smart cities relies on three main pillars:<\/p>\n\n\n\n<ul class=\"wp-block-list\">\n<li>Carbon neutral energy systems, through system integration (multi-level, multi-sector),complemented with non-energy abatement solutions taking advantage of potential synergies among a multitude of sectors and vectors, at different management levels, moving from silo-based solutions to a holistic and integrated solution. This will comprise technical challenges at different levels \u2013from dwelling\/building to district and the whole city;<\/li>\n\n\n\n<li>Active citizens and new governance models: policy and technical challenges associated with the achievement of multi-level governance, with solutions that are created by and for the citizens, which will guarantee a fair and inclusive transition;<\/li>\n\n\n\n<li>Smartness through digitalization and automation: digitalization and the increasing data availability will be fundamental tools to guarantee carbon neutrality, as these will support both system integration and the involvement of different stakeholders and the promotion of active citizenship.<\/li>\n<\/ul>\n\n\n\n<p><strong><span style=\"text-decoration: underline;\">Project Timeline:<\/span><\/strong><\/p>\n\n\n\n<figure class=\"wp-block-image alignwide size-large\"><img decoding=\"async\" src=\"http:\/\/decarbonize.inesctec.pt\/wp-content\/uploads\/2023\/05\/plan_v2.png\" alt=\"\"\/><\/figure>\n\n\n\n<div class=\"wp-block-columns is-layout-flex wp-container-core-columns-is-layout-28f84493 wp-block-columns-is-layout-flex\">\n<div class=\"wp-block-column is-layout-flow wp-block-column-is-layout-flow\" style=\"flex-basis:100%\">\n<div class=\"wp-block-columns is-layout-flex wp-container-core-columns-is-layout-28f84493 wp-block-columns-is-layout-flex\">\n<div class=\"wp-block-column is-layout-flow wp-block-column-is-layout-flow\" style=\"flex-basis:100%\">\n<div class=\"wp-block-columns are-vertically-aligned-center is-layout-flex wp-container-core-columns-is-layout-28f84493 wp-block-columns-is-layout-flex\">\n<div class=\"wp-block-column is-layout-flow wp-block-column-is-layout-flow\"><\/div>\n\n\n\n<div class=\"wp-block-column is-layout-flow wp-block-column-is-layout-flow\"><\/div>\n<\/div>\n<\/div>\n<\/div>\n<\/div>\n<\/div>\n\n\n\n<p><strong>Agradecimentos:<\/strong><\/p>\n\n\n\n<figure class=\"wp-block-image size-full\"><img loading=\"lazy\" decoding=\"async\" width=\"726\" height=\"131\" src=\"https:\/\/decarbonize.inesctec.pt\/wp-content\/uploads\/2023\/05\/logos_entidades_financiadores.png\" alt=\"\" class=\"wp-image-232\" srcset=\"https:\/\/decarbonize.inesctec.pt\/wp-content\/uploads\/2023\/05\/logos_entidades_financiadores.png 726w, https:\/\/decarbonize.inesctec.pt\/wp-content\/uploads\/2023\/05\/logos_entidades_financiadores-300x54.png 300w\" sizes=\"auto, (max-width: 726px) 100vw, 726px\" \/><\/figure>\n\n\n\n<p>Este trabalho \u00e9 financiado pelo FEDER atrav\u00e9s do Programa Operacional Regional do Norte &#8211; NORTE 2020 do Portugal 2020 no \u00e2mbito do projeto DECARBONIZE, com a refer\u00eancia NORTE-01-0145-FEDER-000065.<\/p>\n","protected":false},"excerpt":{"rendered":"<p>The DECARBONIZE is centred in the mission \u201cCarbon-neutral and smart cities\u201d from the Horizon Europe programme. The main objective is to support, promote and showcase a systemic transformation towards climate neutrality at the local level. The geographical focus will be on the Northern Region of Portugal, given the relevance of local actions and the role &hellip;<\/p>\n<p class=\"read-more\"> <a class=\"\" href=\"https:\/\/decarbonize.inesctec.pt\/\"> <span class=\"screen-reader-text\">DECARBONIZE Project<\/span> Read More &raquo;<\/a><\/p>\n","protected":false},"author":2,"featured_media":34,"parent":0,"menu_order":0,"comment_status":"closed","ping_status":"closed","template":"","meta":{"site-sidebar-layout":"default","site-content-layout":"default","ast-global-header-display":"","ast-banner-title-visibility":"","ast-main-header-display":"","ast-hfb-above-header-display":"","ast-hfb-below-header-display":"","ast-hfb-mobile-header-display":"","site-post-title":"","ast-breadcrumbs-content":"","ast-featured-img":"","footer-sml-layout":"","theme-transparent-header-meta":"","adv-header-id-meta":"","stick-header-meta":"","header-above-stick-meta":"","header-main-stick-meta":"","header-below-stick-meta":"","footnotes":""},"class_list":["post-27","page","type-page","status-publish","has-post-thumbnail","hentry"],"_links":{"self":[{"href":"https:\/\/decarbonize.inesctec.pt\/index.php?rest_route=\/wp\/v2\/pages\/27","targetHints":{"allow":["GET"]}}],"collection":[{"href":"https:\/\/decarbonize.inesctec.pt\/index.php?rest_route=\/wp\/v2\/pages"}],"about":[{"href":"https:\/\/decarbonize.inesctec.pt\/index.php?rest_route=\/wp\/v2\/types\/page"}],"author":[{"embeddable":true,"href":"https:\/\/decarbonize.inesctec.pt\/index.php?rest_route=\/wp\/v2\/users\/2"}],"replies":[{"embeddable":true,"href":"https:\/\/decarbonize.inesctec.pt\/index.php?rest_route=%2Fwp%2Fv2%2Fcomments&post=27"}],"version-history":[{"count":60,"href":"https:\/\/decarbonize.inesctec.pt\/index.php?rest_route=\/wp\/v2\/pages\/27\/revisions"}],"predecessor-version":[{"id":303,"href":"https:\/\/decarbonize.inesctec.pt\/index.php?rest_route=\/wp\/v2\/pages\/27\/revisions\/303"}],"wp:featuredmedia":[{"embeddable":true,"href":"https:\/\/decarbonize.inesctec.pt\/index.php?rest_route=\/wp\/v2\/media\/34"}],"wp:attachment":[{"href":"https:\/\/decarbonize.inesctec.pt\/index.php?rest_route=%2Fwp%2Fv2%2Fmedia&parent=27"}],"curies":[{"name":"wp","href":"https:\/\/api.w.org\/{rel}","templated":true}]}}

<p>The DECARBONIZE is centred in the mission “Carbon-neutral and smart cities” from the Horizon Europe programme. The main objective is to support, promote and showcase a systemic transformation towards climate neutrality at the local level. The geographical focus will be on the Northern Region of Portugal, given the relevance of local actions and the role of several local actors towards carbon neutrality –from decentralization of energy management to citizen engagement and tailored solutions. However, the aim is to develop solutions that can also be replicated and transferred to different contexts EU-wide, using cities as testbeds for experimentation of innovative solutions. The achievement of carbon-neutral and smart cities relies on three main pillars:</p>



<ul class="wp-block-list">
<li>Carbon neutral energy systems, through system integration (multi-level, multi-sector),complemented with non-energy abatement solutions taking advantage of potential synergies among a multitude of sectors and vectors, at different management levels, moving from silo-based solutions to a holistic and integrated solution. This will comprise technical challenges at different levels –from dwelling/building to district and the whole city;</li>



<li>Active citizens and new governance models: policy and technical challenges associated with the achievement of multi-level governance, with solutions that are created by and for the citizens, which will guarantee a fair and inclusive transition;</li>



<li>Smartness through digitalization and automation: digitalization and the increasing data availability will be fundamental tools to guarantee carbon neutrality, as these will support both system integration and the involvement of different stakeholders and the promotion of active citizenship.</li>
</ul>



<p><strong><span style="text-decoration: underline;">Project Timeline:</span></strong></p>



<figure class="wp-block-image alignwide size-large"><img decoding="async" src="http://decarbonize.inesctec.pt/wp-content/uploads/2023/05/plan_v2.png" alt=""/></figure>



<div class="wp-block-columns is-layout-flex wp-container-core-columns-is-layout-28f84493 wp-block-columns-is-layout-flex">
<div class="wp-block-column is-layout-flow wp-block-column-is-layout-flow" style="flex-basis:100%">
<div class="wp-block-columns is-layout-flex wp-container-core-columns-is-layout-28f84493 wp-block-columns-is-layout-flex">
<div class="wp-block-column is-layout-flow wp-block-column-is-layout-flow" style="flex-basis:100%">
<div class="wp-block-columns are-vertically-aligned-center is-layout-flex wp-container-core-columns-is-layout-28f84493 wp-block-columns-is-layout-flex">
<div class="wp-block-column is-layout-flow wp-block-column-is-layout-flow"></div>



<div class="wp-block-column is-layout-flow wp-block-column-is-layout-flow"></div>
</div>
</div>
</div>
</div>
</div>



<p><strong>Agradecimentos:</strong></p>



<figure class="wp-block-image size-full"><img loading="lazy" decoding="async" width="726" height="131" src="https://decarbonize.inesctec.pt/wp-content/uploads/2023/05/logos_entidades_financiadores.png" alt="" class="wp-image-232" srcset="https://decarbonize.inesctec.pt/wp-content/uploads/2023/05/logos_entidades_financiadores.png 726w, https://decarbonize.inesctec.pt/wp-content/uploads/2023/05/logos_entidades_financiadores-300x54.png 300w" sizes="auto, (max-width: 726px) 100vw, 726px" /></figure>



<p>Este trabalho é financiado pelo FEDER através do Programa Operacional Regional do Norte &#8211; NORTE 2020 do Portugal 2020 no âmbito do projeto DECARBONIZE, com a referência NORTE-01-0145-FEDER-000065.</p>
