{"id":32,"date":"2022-02-10T22:30:16","date_gmt":"2022-02-10T22:30:16","guid":{"rendered":"https:\/\/decarbonize.inesctec.pt\/?page_id=32"},"modified":"2023-06-27T12:37:30","modified_gmt":"2023-06-27T12:37:30","slug":"blog","status":"publish","type":"page","link":"https:\/\/decarbonize.inesctec.pt\/?page_id=32","title":{"rendered":"Publications"},"content":{"rendered":"\n<h2 class=\"wp-block-heading\" id=\"conferences\"><strong>Conferences:<\/strong><\/h2>\n\n\n\n<ul class=\"wp-block-list\">\n<li>Cardoso J.P., Azevedo I., Silva M., Soares F., Costa C. <em>Technical interventions and low-carbon technologies at building-level towards carbon neutral and healthy cities: A literature review<\/em>. (2023) 2<sup>nd<\/sup> International Conference on Construction, Energy, Environment and Sustainability. 27-30 June 2023.<\/li>\n\n\n\n<li>Soares F., Azevedo I., Silva M., Cardoso J.P., Costa C. <em>Implementation of NZEB strategies in social homes<\/em>. (2023) 2<sup>nd<\/sup> International Conference on Construction, Energy, Environment and Sustainability. 27-30 June 2023. Funchal, Portugal.<\/li>\n\n\n\n<li>Costa C., Azevedo I., Silva M., Cardoso J.P., Soares F. <em>Identification and characterisation of population vulnerable to energy poverty \u2013 A case-study in the Northern Region, Portugal<\/em>. (2023) Doctoral Congress in Engineering 2023, June 2023. Porto, Portugal.<\/li>\n\n\n\n<li>Cardoso J.P., Azevedo I., Silva M., Soares F., Costa, C. <em>A literature review on technical interventions applied at neighborhood\/district-level to contribute to carbon neutrality<\/em>. (2023) Doctoral Congress in Engineering 2023, June 2023. Porto, Portugal.<\/li>\n\n\n\n<li>Soares F., Azevedo I., Silva M., Cardoso J.P., Costa C. <em>Policies for decarbonization in European cities \u2013 A literature review based on areas of intervention<\/em>. Doctoral Congress in Engineering 2023, June 2023. Porto, Portugal.<\/li>\n\n\n\n<li>Jo\u00e3o Carlos Agrela, Igor Rezende, Tiago Soares, &#8220;Analysis of battery energy storage systems participation in multi-services electricity markets&#8221;, 18th International Conference on the European Energy Market, Ljubljana, Slovenia<\/li>\n\n\n\n<li>Ant\u00f3nio S\u00e9rgio Faria, Tiago Soares, Jos\u00e9 M. Cunha, Zenaida Mour\u00e3o, \u201cMutual-benefit of district heating market and network operation for prosumers integration\u201d, 16<sup>th<\/sup> Conference on Sustainable Development of Energy, Water and Environment Systems (SDEWES), Dubrovnik, Croatia, 10-15 October, 2021<\/li>\n\n\n\n<li>Eduardo Nuno Almeida, Mohammed Rushad, Sumanth Reddy Kota, Akshat Nambiar, Hardik L. Harti, Chinmay Gupta, Danish Waseem, Gon\u00e7alo Santos, Helder Fontes, Rui Campos, and Mohit P. Tahiliani, &#8220;Machine Learning Based Propagation Loss Module for Enabling Digital Twins of Wireless Networks in ns-3&#8221;. In Proceedings of the 2022 Workshop on ns-3 (WNS3 &#8217;22). Association for Computing Machinery, New York, NY, USA, 17\u201324. 2022.<\/li>\n\n\n\n<li>N. Paulino, L. M. Pessoa, A. Branquinho and E. Gon\u00e7alves, &#8220;Design and Experimental Evaluation of a Bluetooth 5.1 Antenna Array for Angle-of-Arrival Estimation,&#8221; 2022 13th International Symposium on Communication Systems, Networks and Digital Signal Processing (CSNDSP), 2022, pp. 625-630, 2022.<\/li>\n\n\n\n<li>Jo\u00e3o P. Loureiro, Filipe B. Teixeira, Rui Campos, &#8220;A Flexible Simulation Platform for Multimodal Underwater Wireless Communications using ns-3&#8221;, OCEANS 2022 Hampton Roads, Virginia, USA, 17-21 October, 2022.<\/li>\n\n\n\n<li>D. Maia, A. Coelho and M. Ricardo, &#8220;Obstacle-aware On-demand 5G Network using a Mobile Robotic Platform,&#8221; 2022 18th International Conference on Wireless and Mobile Computing, Networking and Communications (WiMob), pp. 470-473. 2022.<\/li>\n<\/ul>\n\n\n\n<h2 class=\"wp-block-heading\" id=\"journals\"><strong>Journals:<\/strong><\/h2>\n\n\n\n<ul class=\"wp-block-list\">\n<li>Gabriel M.F., Cardoso J.P., Felgueiras F., Azeredo J., Filipe D., Conradie P., Van Hove S., Mour\u00e3o Z., Anagnostopoulos F., Azevedo I. <em>Opportunities for Promoting Healthy Homes and Long-Lasting Energy-Efficient Behaviour among Families with Children in Portugal<\/em>. (2023) Energies, 16 (4), art. no. 1872. DOI: 10.3390\/en16041872<\/li>\n\n\n\n<li>Jo\u00e3o Marques, Tiago Soares, Hugo Morais, &#8220;P2P flexibility markets to support the coordination between the transmission system operators and distribution system operators&#8221;, 2023<\/li>\n\n\n\n<li>Carlos Oliveira, Daniel F. Botelho, Tiago Soares, Ant\u00f3nio S. Faria, Bruno H. Dias, Manuel A. Matos, Leonardo W. de Oliveira, \u201cConsumer-centric electricity markets: A comprehensive review on user preferences and key performance indicators\u201d, Electric Power Systems Research, vol. 210, 108088, 2022<\/li>\n\n\n\n<li>Daniel F. Botelho, Leonardo W. de Oliveira, Bruno H. Dias, Tiago Soares, Camile A. Moraes, \u201cIntegrated prosumers-DSO approach applied in peer-to-peer energy and reserve market tradings considering network constraints\u201d, Applied Energy, vol. 317, 119125, 2022.<\/li>\n\n\n\n<li>Daniel F. Botelho, Leonardo W. de Oliveira, Bruno H. Dias, Tiago Soares, Camile A. Moraes, \u201cProsumer integration into the Brazilian energy sector: An overview of innovative business models and regulatory challenges\u201d, Energy Policy, vol. 161, 112735, 2022<\/li>\n\n\n\n<li>Wanessa Guedes, Lucas Deotti, Bruno Dias, Tiago Soares, Leonardo Willer de Oliveira, &#8220;Community energy markets with battery energy storage systems: A general modeling with applications&#8221;, Energies, vol. 15, n\u00ba 20, 7714, 2022<\/li>\n\n\n\n<li>Jo\u00e3o Marques, Tiago Soares, Hugo Morais, &#8220;P2P flexibility markets to support the coordination between the transmission system operators and distribution system operators&#8221;, 2023.<\/li>\n\n\n\n<li>Rog\u00e9rio Rocha, Ricardo Silva, Jo\u00e3o Mello, S\u00e9rgio Faria, F\u00e1bio Retorta, Clara Gouveia, Jos\u00e9 Villar, &#8220;A three-stage model to manage energy communities, share benefits and provide local grid services&#8221;, Energies, vol. 16, no. 3, 1143, 2023.<\/li>\n\n\n\n<li>Jo\u00e3o Mello, Cristina de Lorenzo, Fco. Alberto Campos, Jos\u00e9 Villar, &#8220;Pricing and simulating energy transactions in energy communities&#8221;, Energies, vol. 16, no. 4, 1949, 2023.<\/li>\n\n\n\n<li>Lu\u00eds Manuel Rodrigues, Tiago Soares, Igor Rezende, Jo\u00e3o Paulo Fontoura, Vladimiro Miranda, &#8220;Economic analysis of a hydrogen power plant in the Portuguese eletricity market&#8221;, Energies, vol. 16, no. 3, 1506, 2023<\/li>\n\n\n\n<li>Carlos Oliveira, Micael Sim\u00f5es, Leonardo Bitencourt, Tiago Soares, Manuel A. Matos, &#8220;Distributed network-constrained P2P community-based market for distribution networks&#8221;, Energies, vol. 16, no. 3, 1520, 2023<\/li>\n<\/ul>\n\n\n\n<h2 class=\"wp-block-heading\" id=\"journals\"><strong>Theses:<\/strong><\/h2>\n\n\n\n<ul class=\"wp-block-list\">\n<li><strong>Phd Theses:<\/strong>\n<ul class=\"wp-block-list\">\n<li>Andr\u00e9 Coelho, &#8220;Traffic-aware Management of Communications Resources in Flying Networks&#8221;, 2013.<\/li>\n\n\n\n<li>Ahmed Ouertatani, &#8220;The integration of renewable energy resources to a digital real-time monitoring platform to optimize the peer to peer energy trading&#8221; [<em>in progress<\/em>]<\/li>\n\n\n\n<li>Wellington Win\u00edcius Fonseca, &#8220;Knowledge-based data-driven model for day-ahead commercial building energy flexibility forecasting and improved smart-metering layout&#8221; [<em>in progress<\/em>]<\/li>\n<\/ul>\n<\/li>\n<\/ul>\n\n\n\n<ul class=\"wp-block-list\">\n<li><strong>MSc. Theses:<\/strong>\n<ul class=\"wp-block-list\">\n<li>Gon\u00e7alo Bastos Oliveira, &#8220;<em>Development of a flexible model for the industrial sector, adaptable for different scales (local, regional, national)<\/em>&#8220;. MSc in Mechanical Engineering from Faculty of Engineering of the University of Porto, 2022 [<em>concluded<\/em>]<\/li>\n\n\n\n<li>Gon\u00e7alo Santos Trace-based ns3-gym Reinforcement Learning Environment Framework for Wireless Networks, 2021 [<em>concluded<\/em>]<\/li>\n\n\n\n<li>Jo\u00e3o S\u00e1 Marques, &#8220;P2P flexibility markets to support the coordination between the transmission system operators and distribution system operators&#8221;, 2023 [<em>concluded<\/em>]<\/li>\n\n\n\n<li>Jos\u00e9 Magalh\u00e3es, &#8220;Rate Adaptation Algorithm using Reinforcement Learning for Delay Minimisation in a Wi-Fi Link&#8221;, 2022 [<em>concluded<\/em>]<\/li>\n\n\n\n<li>Lu\u00eds Rodrigues, &#8220;A techno-economic feasibility analysis of a hydrogen power plant&#8221;, 2023 [<em>concluded<\/em>]<\/li>\n\n\n\n<li>Marta Rodrigues, &#8220;Reactive power management considering transmission system operator and distribution system operator coordination&#8221;, 2022 [<em>concluded<\/em>]<\/li>\n\n\n\n<li>Ricardo Trancoso, &#8220;Analysis and Optimisation of Computational Delays in Reinforcement Learning-based Wi-Fi Rate Adaptation&#8221;, 2022 [<em>concluded<\/em>]<\/li>\n\n\n\n<li>Sara Capelo, &#8220;Design of new energy policies and actions for the empowerment of consumers through energy communities&#8221;, 2023 [<em>concluded<\/em>]<\/li>\n\n\n\n<li>Catarina Sousa, &#8220;Data driven Traffic Generation Model for Digital Twins of Wireless Networks&#8221;, [<em>in progress<\/em>]<\/li>\n\n\n\n<li>Felipe Carmo, &#8220;Transfer learning and data-driven model for short-term forecasting of energy flexibility in buildings&#8221; [<em>in progress<\/em>]<\/li>\n\n\n\n<li>Francisco Rodrigues Estimating building energy flexibility through building energy modelling and usage patterns&#8221; [<em>in progress<\/em>]<\/li>\n\n\n\n<li>Jo\u00e3o Pinto, &#8220;On the Performance Impact of Computational Delays of RL-Based Networking Algorithms through Improved ns-3 Digital Twins&#8221;, [<em>in progress<\/em>]<\/li>\n\n\n\n<li>Pedro Santos, &#8220;A bid strategy evaluation of a battery energy storage system in multi-energy markets considering future opportunities costs&#8221; [<em>in progress<\/em>]<\/li>\n\n\n\n<li>R\u00faben Augusto, &#8220;A dynamic decision investment model for battery energy storage system portfolios [<em>in progress<\/em>]<\/li>\n<\/ul>\n<\/li>\n<\/ul>\n","protected":false},"excerpt":{"rendered":"<p>Conferences: Journals: Theses:<\/p>\n","protected":false},"author":2,"featured_media":0,"parent":0,"menu_order":0,"comment_status":"closed","ping_status":"closed","template":"","meta":{"site-sidebar-layout":"default","site-content-layout":"default","ast-global-header-display":"","ast-banner-title-visibility":"","ast-main-header-display":"","ast-hfb-above-header-display":"","ast-hfb-below-header-display":"","ast-hfb-mobile-header-display":"","site-post-title":"","ast-breadcrumbs-content":"","ast-featured-img":"","footer-sml-layout":"","theme-transparent-header-meta":"","adv-header-id-meta":"","stick-header-meta":"","header-above-stick-meta":"","header-main-stick-meta":"","header-below-stick-meta":"","footnotes":""},"class_list":["post-32","page","type-page","status-publish","hentry"],"_links":{"self":[{"href":"https:\/\/decarbonize.inesctec.pt\/index.php?rest_route=\/wp\/v2\/pages\/32","targetHints":{"allow":["GET"]}}],"collection":[{"href":"https:\/\/decarbonize.inesctec.pt\/index.php?rest_route=\/wp\/v2\/pages"}],"about":[{"href":"https:\/\/decarbonize.inesctec.pt\/index.php?rest_route=\/wp\/v2\/types\/page"}],"author":[{"embeddable":true,"href":"https:\/\/decarbonize.inesctec.pt\/index.php?rest_route=\/wp\/v2\/users\/2"}],"replies":[{"embeddable":true,"href":"https:\/\/decarbonize.inesctec.pt\/index.php?rest_route=%2Fwp%2Fv2%2Fcomments&post=32"}],"version-history":[{"count":20,"href":"https:\/\/decarbonize.inesctec.pt\/index.php?rest_route=\/wp\/v2\/pages\/32\/revisions"}],"predecessor-version":[{"id":315,"href":"https:\/\/decarbonize.inesctec.pt\/index.php?rest_route=\/wp\/v2\/pages\/32\/revisions\/315"}],"wp:attachment":[{"href":"https:\/\/decarbonize.inesctec.pt\/index.php?rest_route=%2Fwp%2Fv2%2Fmedia&parent=32"}],"curies":[{"name":"wp","href":"https:\/\/api.w.org\/{rel}","templated":true}]}}